at is -5a4c (base 15) in base 7?
-106653
13342 (base 5) to base 3
1111122
What is -773 (base 8) in base 13?
-300
874 (base 9) to base 11
5a0
Convert -1404201 (base 5) to base 6.
-340432
-2011121 (base 4) to base 12
-4b35
453 (base 6) to base 15
bc
What is -117 (base 11) in base 5?
-1024
What is -145225 (base 6) in base 11?
-a685
169 (base 10) to base 4
2221
What is 133 (base 15) in base 6?
1133
What is -110 (base 9) in base 12?
-76
Convert 1269 (base 10) to base 2.
10011110101
What is -4ca (base 14) in base 12?
-682
What is -1000001110110 (base 2) in base 12?
-2532
-1201021121 (base 3) to base 8
-101713
4645 (base 10) to base 11
3543
512 (base 7) to base 3
100102
What is 112034 (base 5) in base 16?
fb3
-10032003 (base 4) to base 14
-6427
What is -1b68 (base 14) in base 8?
-11600
Convert -110010010100011 (base 2) to base 8.
-62243
1120133 (base 4) to base 13
2768
-1258 (base 10) to base 6
-5454
Convert -11020012 (base 3) to base 14.
-11a3
What is 1101101 (base 3) in base 10?
1009
Convert 2101 (base 7) to base 16.
2e0
What is 31a48 (base 11) in base 16?
b5b4
1615 (base 11) to base 5
31243
What is -83613 (base 9) in base 11?
-384a8
Convert -386 (base 9) to base 10.
-321
Convert 898 (base 14) to base 7.
4651
What is -119ad (base 14) in base 6?
-531233
What is -223 (base 12) in base 3?
-102200
What is -227 (base 14) in base 13?
-26b
Convert b01a (base 13) to base 11.
171a1
Convert 10010111010101 (base 2) to base 8.
22725
What is 2126 (base 7) in base 6?
3255
Convert 46316 (base 8) to base 14.
7246
Convert -3426 (base 8) to base 13.
-a97
Convert 11012012111 (base 3) to base 9.
135174
c839 (base 13) to base 8
66164
What is 22110122 (base 3) in base 7?
23666
What is -1661 (base 12) in base 10?
-2665
Convert -15b (base 13) to base 9.
-302
-480 (base 13) to base 16
-30c
Convert 1200113 (base 4) to base 6.
44315
-2955 (base 16) to base 9
-15456
What is -207a (base 16) in base 5?
-231224
What is 1405 (base 7) in base 16?
220
Convert -73 (base 14) to base 5.
-401
What is -b2b1 (base 14) in base 3?
-1120011012
Convert -16333 (base 8) to base 5.
-214022
What is -4041 (base 5) in base 8?
-1011
What is -22112 (base 7) in base 4?
-1112222
What is 2143 (base 5) in base 9?
361
46514 (base 7) to base 14
44b4
Convert -147260 (base 8) to base 16.
-ceb0
Convert 545 (base 8) to base 5.
2412
-1001010000 (base 2) to base 4
-21100
What is -2102110 (base 4) in base 10?
-9364
What is -21301101 (base 4) in base 12?
-1b1a9
875 (base 14) to base 5
23141
What is 1334 (base 7) in base 5?
4030
-13ae (base 16) to base 11
-3870
116d (base 14) to base 5
44122
-1001302 (base 4) to base 16
-1072
Convert -3042 (base 5) to base 8.
-615
What is 72d (base 15) in base 5?
22433
Convert -1a8 (base 12) to base 11.
-228
7084 (base 14) to base 8
45574
What is 25 (base 9) in base 11?
21
What is 2992 (base 12) in base 14?
1ab4
2220 (base 3) to base 6
210
Convert 2033 (base 5) to base 14.
152
-4644 (base 7) to base 13
-a08
-15530 (base 6) to base 16
-a0e
1022 (base 7) to base 9
438
What is 446 (base 9) in base 3?
111120
What is 110031 (base 7) in base 4?
10230132
35aa (base 11) to base 10
4718
3210 (base 6) to base 2
1011010110
Convert -204142 (base 5) to base 16.
-1a8d
44354 (base 8) to base 5
1044133
231266 (base 7) to base 13
15a55
2221 (base 7) to base 2
1100011111
Convert -1211222001 (base 3) to base 6.
-440344
Convert 7a8 (base 11) to base 7.
2546
Convert -3599 (base 13) to base 10.
-7562
Convert 652 (base 10) to base 9.
804
100001001111 (base 2) to base 15
96c
Convert 1101101110111 (base 2) to base 4.
1231313
-1000100010000101 (base 2) to base 15
-a54e
What is -1174 (base 9) in base 15?
-3d7
-15606 (base 7) to base 13
-2019
-104017 (base 8) to base 9
-52701
What is 22129 (base 11) in base 6?
404332
3111 (base 7) to base 12
766
What is 1 (base 11) in base 5?
1
What is -2078 (base 13) in base 2?
-1000110001101
Convert -233100 (base 4) to base 13.
-14b8
What is 1115 (base 7) in base 8?
624
Convert -344 (base 5) to base 11.
-90
Convert 185a (base 12) to base 6.
21354
4a5 (base 11) to base 10
599
Convert 2111100 (base 3) to base 12.
1076
What is 928 (base 12) in base 14?
6ac
Convert 18380 (base 10) to base 13.
849b
Convert 1101101100100100 (base 2) to base 10.
56100
Convert 4623 (base 8) to base 16.
993
Convert -1231113 (base 4) to base 8.
-15527
Convert 1000010100100111 (base 2) to base 12.
17887
-23424 (base 5) to base 8
-3313
23a4 (base 11) to base 2
110001000011
-3346 (base 12) to base 14
-20d0
-28636 (base 11) to base 9
-61736
What is -7401 (base 15) in base 8?
-57716
What is -1111010010101 (base 2) in base 11?
-5978
Convert 1544 (base 8) to base 16.
364
What is -3121 (base 7) in base 10?
-1093
Convert 3e7d (base 15) to base 5.
412033
Convert 6b6 (base 15) to base 13.
900
13234 (base 5) to base 16
42d
What is 14ac (base 15) in base 10?
4437
What is -11155 (base 6) in base 15?
-708
What is 10012100 (base 3) in base 6?
14443
Convert -1656 (base 9) to base 6.
-5510
Convert -3333110 (base 4) to base 3.
-211102012
Convert -20202 (base 5) to base 11.
-a84
Convert -2073 (base 9) to base 10.
-1524
-41d (base 15) to base 3
-1021101
What is -21113020 (base 4) in base 3?
-1221121011
Convert 29c (base 13) to base 9.
568
What is -43ac (base 13) in base 2?
-10010011011101
Convert 21133 (base 4) to base 11.
502
Convert -147ec (base 16) to base 6.
-1444352
Convert -c76 (base 15) to base 7.
-11124
What is 65 (base 8) in base 13?
41
What is -692 (base 10) in base 6?
-3112
What is -102201210 (base 3) in base 11?
-6476
Convert -51b (base 16) to base 13.
-797
2060 (base 9) to base 4
113220
Convert -402243 (base 7) to base 4.
-100213023
What is 101010010011 (base 2) in base 4?
222103
Convert -105 (base 13) to base 15.
-b9
-5c91 (base 14) to base 6
-202555
What is -2308 (base 10) in base 15?
-a3d
What is 11000000111011 (base 2) in base 7?
50666
Convert -1489 (base 13) to base 9.
-4077
What is -2343444 (base 5) in base 3?
-2012211201
What is 102200 (base 3) in base 4?
10323
b384 (base 14) to base 16
78a8
-367 (base 14) to base 7
-1660
Convert -2485 (base 9) to base 10.
-1859
-641 (base 9) to base 7
-1345
-330022 (base 4) to base 10
-3850
Convert -44f2 (base 16) to base 12.
-a26a
Convert -11010001 (base 2) to base 3.
-21202
-328 (base 15) to base 12
-4b5
-240 (base 5) to base 8
-106
Convert -4240 (base 7) to base 8.
-2732
-160 (base 8) to base 10
-112
Convert 623 (base 9) to base 2.
111111011
Convert 2425 (base 10) to base 13.
1147
2796 (base 12) to base 5
121303
3b3 (base 16) to base 8
1663
1110100000 (base 2) to base 6
4144
What is 5293 (base 12) in base 15?
2a29
Convert -244 (base 8) to base 4.
-2210
82 (base 16) to base 7
244
Convert 111111001110001 (base 2) to base 9.
48355
What is 114 (base 14) in base 3?
21221
Convert -2366 (base 9) to base 6.
-12053
-210403 (base 6) to base 3
-212022110
Convert -233 (base 6) to base 3.
-10110
Convert 203211 (base 4) to base 3.
10010100
What is -2213 (base 5) in base 4?
-10310
What is -11a9 (base 11) in base 4?
-120203
-201021122 (base 3) to base 7
-55661
What is 1163 (base 11) in base 10?
1521
Convert 15b3 (base 14) to base 10.
3881
-7364 (base 15) to base 12
-1214a
12310 (base 4) to base 12
304
2112 (base 5) to base 10
282
What is 1233130 (base 5) in base 16?
5e65
-200001 (base 3) to base 2
-111100111
What is 12321 (base 4) in base 12?
309
Convert -405512 (base 6) to base 12.
-16898
-1b034 (base 12) to base 10
-39784
Convert 4332 (base 5) to base 8.
1120
Convert 2214 (base 5) to base 12.
219
-100003 (base 5) to base 10
-3128
What is 552 (base 6) in base 16?
d4
Convert 1001111000101 (base 2) to base 6.
35233
What is 7063 (base 14) in base 16?
4b5f
-46 (base 11) to base 7
-101
Convert 840b (base 13) to base 5.
1041023
Convert -1011001111111011 (base 2) to base 4.
-23033323
What is -1020021001 (base 3) in base 10?
-24247
142132 (base 5) to base 8
13435
What is 222 (base 15) in base 16?
1e2
27737 (base 9) to base 3
221211021
6474 (base 9) to base 12
2911
-5133 (base 9) to base 13
-192c
Convert 2c0c (base 14) to base 8.
17254
What is 41a2 (base 12) in base 2?
1110000001010
51615 (base 8) to base 5
1141024
Convert 4051 (base 7) to base 14.
728
-31421 (base 11) to base 13
-17aa1
114e1 (base 15) to base 3
2210121011
What is 4054 (base 6) in base 5?
12043
-861b (base 14) to b